and 984.
8
What is the greatest common divisor of 23037 and 2079?
21
Calculate the greatest common factor of 273 and 333879.
273
What is the highest common factor of 31003 and 86?
43
What is the greatest common divisor of 9 and 1291833?
9
Calculate the highest common factor of 569823 and 425.
17
Calculate the greatest common divisor of 2625922 and 34.
34
What is the highest common divisor of 22927 and 3737?
101
Calculate the greatest common divisor of 148780 and 20.
20
Calculate the greatest common factor of 518 and 113442.
518
Calculate the highest common factor of 1440 and 34848.
288
Calculate the highest common divisor of 699 and 159139.
233
What is the highest common factor of 4224435 and 615?
615
What is the highest common factor of 16968 and 3696?
168
What is the highest common factor of 120172 and 260?
52
Calculate the greatest common factor of 359 and 2667729.
359
What is the highest common divisor of 584 and 104?
8
What is the highest common divisor of 2299 and 9801?
121
What is the highest common divisor of 9154 and 46?
46
What is the highest common factor of 11 and 87857?
11
Calculate the greatest common divisor of 4147 and 13312.
13
Calculate the greatest common divisor of 198453 and 498.
249
What is the highest common factor of 9047 and 1909?
83
Calculate the greatest common divisor of 222177 and 93.
93
What is the highest common factor of 18 and 5560614?
18
Calculate the greatest common divisor of 8622 and 819.
9
Calculate the greatest common divisor of 135846 and 954.
18
What is the greatest common divisor of 15 and 12099?
3
What is the highest common factor of 768 and 1216?
64
Calculate the highest common factor of 444 and 3468.
12
What is the greatest common divisor of 9127734 and 859?
859
What is the highest common divisor of 35 and 251790?
35
Calculate the greatest common factor of 173715 and 2035.
185
Calculate the greatest common divisor of 537 and 939.
3
What is the greatest common factor of 208 and 108?
4
Calculate the highest common divisor of 22830 and 60.
30
What is the highest common factor of 1071 and 13328?
119
Calculate the highest common divisor of 47243 and 629.
17
Calculate the highest common factor of 2975 and 1904.
119
Calculate the highest common divisor of 19796 and 606.
202
What is the greatest common factor of 70836 and 48?
12
Calculate the greatest common divisor of 90 and 23886.
18
Calculate the highest common divisor of 108 and 3942.
54
What is the greatest common divisor of 27821 and 86?
43
What is the highest common divisor of 574592 and 128?
128
Calculate the greatest common factor of 75990 and 4080.
510
Calculate the highest common divisor of 979607 and 134.
67
Calculate the greatest common divisor of 855 and 41515.
95
Calculate the highest common factor of 260042 and 4.
2
What is the greatest common factor of 210975 and 873?
291
Calculate the greatest common factor of 10 and 6206.
2
Calculate the highest common divisor of 37875 and 18625.
125
What is the greatest common factor of 15 and 106895?
5
What is the highest common divisor of 4113 and 45?
9
Calculate the greatest common factor of 18001 and 517.
47
Calculate the greatest common divisor of 151156 and 6417.
713
Calculate the highest common divisor of 4050 and 98550.
1350
What is the greatest common divisor of 10227 and 447553?
487
What is the greatest common divisor of 10184 and 402?
134
What is the highest common divisor of 16506 and 294?
42
Calculate the highest common divisor of 4280 and 7480.
40
What is the greatest common divisor of 72263 and 508?
127
Calculate the greatest common divisor of 42 and 282576.
42
What is the highest common divisor of 184384 and 12328?
536
What is the greatest common divisor of 303010 and 157?
157
What is the highest common factor of 126950 and 50?
50
Calculate the highest common divisor of 127425 and 3.
3
What is the greatest common divisor of 350628 and 18?
6
What is the highest common factor of 1748438 and 6904?
1726
What is the greatest common factor of 6211 and 13?
1
Calculate the greatest common factor of 6000 and 18720.
240
Calculate the highest common divisor of 535 and 91592.
107
Calculate the greatest common factor of 90 and 794900.
10
Calculate the highest common divisor of 112 and 362488.
56
What is the greatest common divisor of 65 and 1485601?
13
What is the greatest common factor of 315 and 561645?
315
What is the greatest common factor of 209 and 107635?
209
Calculate the highest common factor of 10059 and 399.
21
What is the greatest common divisor of 440 and 50050?
110
What is the highest common divisor of 1496476 and 6018?
2006
Calculate the greatest common divisor of 1275 and 9.
3
What is the highest common factor of 115898 and 334?
334
What is the greatest common divisor of 3147 and 2084363?
1049
What is the highest common divisor of 19305 and 1584?
99
Calculate the highest common factor of 44 and 12628.
44
What is the highest common factor of 4712 and 4588?
124
Calculate the highest common divisor of 216 and 49320.
72
Calculate the highest common divisor of 4020 and 2580.
60
What is the greatest common divisor of 404635 and 110?
55
What is the highest common divisor of 4386 and 106?
2
Calculate the greatest common divisor of 30866 and 736.
46
Calculate the highest common divisor of 188 and 6956.
188
What is the greatest common factor of 8296 and 142069?
1037
Calculate the highest common factor of 385 and 1189265.
385
Calculate the highest common divisor of 1513 and 935.
17
What is the greatest common factor of 42 and 1827861?
21
What is the greatest common divisor of 132 and 35398?
22
Calculate the greatest common divisor of 2053020 and 60.
60
Calculate the highest common divisor of 48 and 976.
16
What is the highest common divisor of 270244 and 52?
52
What is the greatest common factor of 8194620 and 5?
5
What is the greatest common factor of 18738 and 1242?
54
Calculate the greatest common factor of 1844273 and 1718.
859
Calculate the highest common divisor of 100637 and 8333.
641
Calculate the highest common divisor of 22 and 93074.
2
Calculate the highest common divisor of 861 and 24723.
123
What is the greatest common factor of 185115 and 5?
5
What is the highest common divisor of 101154 and 30?
6
What is the highest common divisor of 936 and 2744352?
936
What is the highest common divisor of 10804 and 5256?
292
What is the greatest common factor of 151995 and 15?
15
Calculate the greatest common divisor of 1504 and 63873.
47
What is the greatest common divisor of 74 and 28675?
37
Calculate the highest common divisor of 49389 and 7272.
303
Calculate the greatest common divisor of 80 and 1940.
20
Calculate the highest common factor of 86 and 28294.
86
What is the greatest common divisor of 95247 and 76?
19
What is the greatest common divisor of 31283 and 41?
41
Calculate the highest common factor of 189 and 188937.
63
Calculate the highest common factor of 118384 and 38416.
784
What is the greatest common factor of 20625 and 25?
25
What is the highest common factor of 22720 and 1628740?
1420
Calculate the highest common factor of 2910 and 10410.
30
What is the greatest common divisor of 86 and 2808287?
43
What is the greatest common divisor of 41076 and 378?
126
What is the greatest common divisor of 10688 and 18370?
334
What is the greatest common factor of 1540 and 14140?
140
What is the highest common factor of 104852 and 11?
11
What is the greatest common factor of 12740 and 1105?
65
Calculate the highest common divisor of 368 and 1131278.
46
What is the greatest common factor of 77056 and 6192?
688
Calculate the greatest common factor of 949 and 2648659.
949
Calculate the highest common factor of 19832 and 2010.
134
Calculate the greatest common divisor of 13688 and 87.
29
Calculate the greatest common factor of 24 and 674208.
24
What is the greatest common factor of 286 and 102322?
22
What is the highest common factor of 14060 and 58349?
703
What is the greatest common divisor of 1672 and 33?
11
What is the highest common divisor of 18142 and 8878?
386
Calculate the highest common divisor of 72 and 340392.
24
Calculate the greatest common divisor of 2462283 and 282.
141
Calculate the greatest common divisor of 58164 and 27084.
444
What is the highest common divisor of 511 